{"id":64,"date":"2017-05-15T10:48:18","date_gmt":"2017-05-15T08:48:18","guid":{"rendered":"https:\/\/www.gsfun.krefeld.schulen.net\/wordpress\/?page_id=64"},"modified":"2025-09-20T21:07:46","modified_gmt":"2025-09-20T19:07:46","slug":"praktische-informationen","status":"publish","type":"page","link":"https:\/\/www.gsfun.krefeld.schulen.net\/wordpress\/praktische-informationen\/","title":{"rendered":"Praktische Informationen"},"content":{"rendered":"\n<figure class=\"wp-block-image alignfull\"><img loading=\"lazy\" decoding=\"async\" width=\"1000\" height=\"500\" src=\"https:\/\/www.gsfun.krefeld.schulen.net\/wordpress\/wp-content\/uploads\/2017\/05\/eingang_1000x500.jpg\" alt=\"\" class=\"wp-image-351\" srcset=\"https:\/\/www.gsfun.krefeld.schulen.net\/wordpress\/wp-content\/uploads\/2017\/05\/eingang_1000x500.jpg 1000w, https:\/\/www.gsfun.krefeld.schulen.net\/wordpress\/wp-content\/uploads\/2017\/05\/eingang_1000x500-300x150.jpg 300w, https:\/\/www.gsfun.krefeld.schulen.net\/wordpress\/wp-content\/uploads\/2017\/05\/eingang_1000x500-768x384.jpg 768w\" sizes=\"auto, (max-width: 1000px) 100vw, 1000px\" \/><\/figure>\n\n\n\n<p><strong>Regelungen vor Unterrichtsbeginn \/ Offener Anfang<\/strong><\/p>\n\n\n\n<p>Morgens k\u00f6nnen die Kinder ab 8:00 Uhr in der Schule ankommen. Zu dieser Zeit beginnt die Aufsicht der Lehrkr\u00e4fte. Diese nehmen die Kinder, die sich schon um 8:00 Uhr auf dem Schulhof eingefunden haben, mit in die Klassen. Alle Kinder, die dann in den folgenden 15 Minuten bis hin zum Unterrichtsbeginn um 8:15 Uhr ankommen, gehen selbstst\u00e4ndig in die Klassen. Durch diesen &#8222;Offenen Anfang&#8220; wird das Ankommen der Kinder und somit der Start in den Schultag entzerrt und es sollen gr\u00f6\u00dfere Staus an den T\u00fcren vermieden werden. Nur f\u00fcr die Kinder in den Betreuungseinrichtungen (OGS und Betreuung bis 14:00 Uhr) beginnt die Ankommensphase in der roten Gruppe bereits um 7:45 Uhr. Von dort aus werden die Kinder dann zu Unterrichtsbeginn in die Klassenr\u00e4ume geschickt oder abgeholt.<\/p>\n\n\n\n<p><strong>Schulweg<\/strong><\/p>\n\n\n\n<p>Laut Beschluss der Schulkonferenz d\u00fcrfen die Kinder ab dem 2. Halbjahr des 4. Schuljahres und an den Tagen, an denen f\u00fcr die Fahrradpr\u00fcfung ge\u00fcbt wird, mit dem Fahrrad zur Schule kommen.<\/p>\n\n\n\n<p>Kinder, die mit dem Auto zur Schule gefahren werden, sollten aus Sicherheitsgr\u00fcnden bitte nicht in den Halteverbotszonen direkt vor dem Haupteingang am Fungendonk oder am \u00dcbergang zum neuen Geb\u00e4ude auf dem B\u00f6kendonk abgesetzt werden. Bitte lassen Sie Ihre Kinder au\u00dferdem im Interesse aller ab dem Schultor alleine auf den Schulhof gehen.<\/p>\n\n\n\n<p><strong>Fr\u00fchst\u00fcckspause<\/strong><\/p>\n\n\n\n<p>Die erste gro\u00dfe Pause findet t\u00e4glich um 9.45 Uhr bis 10.15 Uhr statt. In dieser Zeit fr\u00fchst\u00fccken die Kinder mit der Klassenlehrerin gemeinsam f\u00fcr 15 Minuten in der Klasse. Die ersten und zweiten Schuljahre fr\u00fchst\u00fccken von 9.45 Uhr bis 10.00 Uhr und die dritten und vierten Schuljahre von 10.00 Uhr bis 10.15 Uhr.<\/p>\n\n\n\n<p><strong>Pausenspiele<\/strong><\/p>\n\n\n\n<p>Spielpausen sind f\u00fcr die ersten und zweiten Schuljahre in der Zeit von 10.00 Uhr bis 10.15 Uhr, f\u00fcr die dritten und vierten Schuljahre von 9.45 Uhr bis 10.00 Uhr und f\u00fcr alle gemeinsam von 11.45 Uhr bis 12.00 Uhr. In der Pause haben die Kinder die M\u00f6glichkeit, sich im Spielh\u00e4uschen auf dem Schulhof Spiele auszuleihen. Dazu geh\u00f6ren z. B. Pedalos, Seile, Stelzen, etc.<\/p>\n\n\n\n<p><strong>Mitgebrachtes Spielzeug<\/strong><\/p>\n\n\n\n<p>Grunds\u00e4tzlich darf mitgebrachtes Spielzeug, wie z.B. Kuscheltiere,&nbsp;von den Kindern nur in den Pausen und im Betreuungsbereich nach dem Unterricht aus der Tasche genommen werden. Sammelkarten oder Sammelfiguren, die getauscht werden, sind in der Schule grunds\u00e4tzlich nicht erlaubt.<\/p>\n\n\n\n<p><strong>Krankmeldungen und Entschuldigungen f\u00fcr Fehltage<\/strong><\/p>\n\n\n\n<p>Ist Ihr Kind erkrankt oder kann aus einem unvorhersehbaren Grund die Schule nicht besuchen, so melden Sie Ihr Kind bitte \u00fcber die App School Fox krank. Sie k\u00f6nnen ebenfalls bereits vor 8 Uhr unser Sekretariat telefonisch \u00fcber das Fehlen Ihres Kindes informieren. Sollte das Sekretariat nicht besetzt sein, hinterlassen Sie einfach eine Nachricht auf unserem Anrufbeantworter.<\/p>\n\n\n\n<p>Zus\u00e4tzlich ist eine schriftliche Entschuldigung f\u00fcr die Dauer der Fehlzeit erforderlich. Ein \u00e4rztliches Attest kann bei einer l\u00e4ngeren Erkrankung oder auch beim Fehlen vor oder nach gesetzlichen Feier- bzw. Ferientagen oder Br\u00fcckentagen eingefordert werden. Dies wird nach Genesung bei der Klassenlehrerin oder dem Klassenlehrer abgegeben.<\/p>\n\n\n\n<p>Sollten Sie Ihr Kind f\u00fcr einen oder zwei Tage vom Unterricht beurlauben m\u00fcssen, richten Sie sich mit Ihrem Anliegen mit angemessenem Vorlauf an die Klassenlehrkraft. F\u00fcr eine Beurlaubung f\u00fcr mehr als 2 zusammenh\u00e4ngende Tage ist ein Antrag an die Schulleitung zu richten. Vor oder nach den Ferien ist eine Beurlaubung durch die Schule in der Regel nicht m\u00f6glich.<\/p>\n\n\n\n<p><strong>Elternmitarbeit<\/strong><\/p>\n\n\n\n<p>Bei allgemeinen Sport-, Spiel- und Schulfesten oder klasseninternen Aktionen (Wanderungen, Klassenfeste) freuen wir uns \u00fcber die tatkr\u00e4ftige Unterst\u00fctzung der Eltern. Die Mithilfe wird in der Regel durch die Klassenpflegschaftsvorsitzenden koordiniert.<\/p>\n\n\n\n<p><strong>Schulb\u00fccher<\/strong><\/p>\n\n\n\n<p>Ihre Kinder erhalten einen gro\u00dfen Teil der Schulb\u00fccher im Ausleihverfahren. Bitte sorgen Sie f\u00fcr einen schonenden Umgang mit den Schulb\u00fcchern. Versehen Sie die B\u00fccher mit einem Schutzumschlag. B\u00fccher, die nicht mehr zu gebrauchen sind, m\u00fcssen anteilsm\u00e4\u00dfig ersetzt werden.<\/p>\n\n\n\n<p><strong>Schulb\u00fccherei <\/strong><\/p>\n\n\n\n<p>Unsere Schule hat eine eigene kleine Schulb\u00fccherei. Die Sch\u00fcler und Sch\u00fclerinnen k\u00f6nnen dort dienstags und freitags in der Pause B\u00fccher ausleihen und zur\u00fcckbringen. Auf dem Sofa k\u00f6nnen sie sich hinsetzen und alleine oder gemeinsam lesen. Das Angebot wird gerne von vielen Sch\u00fclern angenommen. Der Grundstock der B\u00fccher wurde vom F\u00f6rderverein der Schule gekauft. Immer wieder werden dazu auch B\u00fccher von Eltern gespendet.<\/p>\n\n\n\n<p>Die B\u00fccherei hat verschiedene Angebote f\u00fcr Jungen und M\u00e4dchen: Von B\u00fcchern, die von Prinzessinnen, M\u00e4rchen und Rittern handeln, \u00fcber Wissensb\u00fccher bis hin zu Krimis f\u00fcr Kinder und der Harry Potter \u2013 Reihe ist eine gro\u00dfe Auswahl vorhanden. Die neuste Anschaffung (\u201eAsterix und Obelix\u201c- Comics) wurde vor kurzem vom F\u00f6rderverein zur Verf\u00fcgung gestellt.<\/p>\n\n\n\n<p>F\u00fcr die Sch\u00fcler und Sch\u00fclerinnen der Geschwister-Scholl-Schule ist die B\u00fccherei ein gro\u00dfer Gewinn, der sie begeistert und mit vielf\u00e4ltigen Angeboten in gem\u00fctlicher Atmosph\u00e4re ans Lesen heranf\u00fchrt.<\/p>\n\n\n\n<figure class=\"wp-block-gallery aligncenter has-nested-images columns-default is-cropped wp-block-gallery-1 is-layout-flex wp-block-gallery-is-layout-flex\">\n<figure class=\"wp-block-image size-large\"><a href=\"https:\/\/www.gsfun.krefeld.schulen.net\/wordpress\/wp-content\/uploads\/2017\/05\/schulbuecherei.jpg\"><img loading=\"lazy\" decoding=\"async\" width=\"800\" height=\"600\" data-id=\"558\" src=\"https:\/\/www.gsfun.krefeld.schulen.net\/wordpress\/wp-content\/uploads\/2017\/05\/schulbuecherei.jpg\" alt=\"\" class=\"wp-image-558\" srcset=\"https:\/\/www.gsfun.krefeld.schulen.net\/wordpress\/wp-content\/uploads\/2017\/05\/schulbuecherei.jpg 800w, https:\/\/www.gsfun.krefeld.schulen.net\/wordpress\/wp-content\/uploads\/2017\/05\/schulbuecherei-300x225.jpg 300w, https:\/\/www.gsfun.krefeld.schulen.net\/wordpress\/wp-content\/uploads\/2017\/05\/schulbuecherei-768x576.jpg 768w\" sizes=\"auto, (max-width: 800px) 100vw, 800px\" \/><\/a><\/figure>\n\n\n\n<figure class=\"wp-block-image size-large\"><a href=\"https:\/\/www.gsfun.krefeld.schulen.net\/wordpress\/wp-content\/uploads\/2017\/05\/schulbuecherei2.jpg\"><img loading=\"lazy\" decoding=\"async\" width=\"800\" height=\"600\" data-id=\"557\" src=\"https:\/\/www.gsfun.krefeld.schulen.net\/wordpress\/wp-content\/uploads\/2017\/05\/schulbuecherei2.jpg\" alt=\"\" class=\"wp-image-557\" srcset=\"https:\/\/www.gsfun.krefeld.schulen.net\/wordpress\/wp-content\/uploads\/2017\/05\/schulbuecherei2.jpg 800w, https:\/\/www.gsfun.krefeld.schulen.net\/wordpress\/wp-content\/uploads\/2017\/05\/schulbuecherei2-300x225.jpg 300w, https:\/\/www.gsfun.krefeld.schulen.net\/wordpress\/wp-content\/uploads\/2017\/05\/schulbuecherei2-768x576.jpg 768w\" sizes=\"auto, (max-width: 800px) 100vw, 800px\" \/><\/a><\/figure>\n\n\n\n<figure class=\"wp-block-image size-large\"><a href=\"https:\/\/www.gsfun.krefeld.schulen.net\/wordpress\/wp-content\/uploads\/2017\/05\/20170524_104245_1000x500.jpg\"><img loading=\"lazy\" decoding=\"async\" width=\"1000\" height=\"500\" data-id=\"404\" src=\"https:\/\/www.gsfun.krefeld.schulen.net\/wordpress\/wp-content\/uploads\/2017\/05\/20170524_104245_1000x500.jpg\" alt=\"\" class=\"wp-image-404\" srcset=\"https:\/\/www.gsfun.krefeld.schulen.net\/wordpress\/wp-content\/uploads\/2017\/05\/20170524_104245_1000x500.jpg 1000w, https:\/\/www.gsfun.krefeld.schulen.net\/wordpress\/wp-content\/uploads\/2017\/05\/20170524_104245_1000x500-300x150.jpg 300w, https:\/\/www.gsfun.krefeld.schulen.net\/wordpress\/wp-content\/uploads\/2017\/05\/20170524_104245_1000x500-768x384.jpg 768w\" sizes=\"auto, (max-width: 1000px) 100vw, 1000px\" \/><\/a><\/figure>\n<\/figure>\n","protected":false},"excerpt":{"rendered":"<p>Hier finden Sie alle wichtigen Informationen zu unserer Schule &#8211; von der \u00d6ffnung des Schulhofs morgens \u00fcber die Pausenregelung bis hin zur Krankmeldung.<\/p>\n","protected":false},"author":5,"featured_media":259,"parent":0,"menu_order":0,"comment_status":"closed","ping_status":"closed","template":"","meta":{"footnotes":""},"class_list":["post-64","page","type-page","status-publish","has-post-thumbnail","hentry"],"_links":{"self":[{"href":"https:\/\/www.gsfun.krefeld.schulen.net\/wordpress\/wp-json\/wp\/v2\/pages\/64","targetHints":{"allow":["GET"]}}],"collection":[{"href":"https:\/\/www.gsfun.krefeld.schulen.net\/wordpress\/wp-json\/wp\/v2\/pages"}],"about":[{"href":"https:\/\/www.gsfun.krefeld.schulen.net\/wordpress\/wp-json\/wp\/v2\/types\/page"}],"author":[{"embeddable":true,"href":"https:\/\/www.gsfun.krefeld.schulen.net\/wordpress\/wp-json\/wp\/v2\/users\/5"}],"replies":[{"embeddable":true,"href":"https:\/\/www.gsfun.krefeld.schulen.net\/wordpress\/wp-json\/wp\/v2\/comments?post=64"}],"version-history":[{"count":31,"href":"https:\/\/www.gsfun.krefeld.schulen.net\/wordpress\/wp-json\/wp\/v2\/pages\/64\/revisions"}],"predecessor-version":[{"id":3357,"href":"https:\/\/www.gsfun.krefeld.schulen.net\/wordpress\/wp-json\/wp\/v2\/pages\/64\/revisions\/3357"}],"wp:featuredmedia":[{"embeddable":true,"href":"https:\/\/www.gsfun.krefeld.schulen.net\/wordpress\/wp-json\/wp\/v2\/media\/259"}],"wp:attachment":[{"href":"https:\/\/www.gsfun.krefeld.schulen.net\/wordpress\/wp-json\/wp\/v2\/media?parent=64"}],"curies":[{"name":"wp","href":"https:\/\/api.w.org\/{rel}","templated":true}]}}